etermine h(2).
8
Let u(p) = -131*p + 1035. Let g be u(8). Let j(v) = -3 + 0*v**3 - 12*v**2 - v**3 - 6 - 41*v + 53*v. What is j(g)?
4
Let p = -11 + 8. Let m(f) = -102*f - 60. Let c(n) = 24*n + 14. Let a(q) = 30*c(q) + 7*m(q). What is a(p)?
-18
Let y(q) = -26*q**3 + 125*q + 30*q**3 - 60*q - 64*q + 2*q**2. What is y(-1)?
-3
Let g(j) be the first derivative of j**3/3 + 2*j**2 - 2*j - 10. Let u be ((-1)/(5/10))/((-2)/73). Let k = u - 79. What is g(k)?
10
Let m(t) = -3*t**2 - 2*t + 2. Suppose 4841 = 37*v - 228. Let d = -139 + v. What is m(d)?
-6
Let q be 17 + 60/8*-2. Let a(r) = 9*r**3 + 2*r**2 - 3*r - 3. What is a(q)?
71
Let h(n) = n**2 + 9*n + 7. Let a(j) = -5 - 4*j**2 - 31*j**3 + 2*j + 32*j**3 + 2*j**2. Let r be a(3). Suppose 52 = -6*c + r. What is h(c)?
-7
Suppose -3*g - 222 = 3*k - 303, -79 = -3*k - 5*g. Suppose -2*y = 5*c - 56, -y + 4*c = -c + 2. Let b(p) = 37 + 2*p**2 + p**3 + p - p**2 - y - k. Give b(0).
-9
Suppose 4*z - 35 = -11. Suppose 0 = z*w + 27 - 69. Let a(q) = -q - 5. Give a(w).
-12
Let m(p) = -p**2 - 7*p - 30. Let d(t) = 155*t - 4663. Let l be d(30). Determine m(l).
-108
Let a(j) = 2*j + 36. Suppose 25*w + 175 = 0, -39*w = -v - 34*w + 49. Give a(v).
64
Let n(i) = i**3 - 7*i**2 + 7*i + 1. Suppose -4 + 1 = -a - d, -3*d = 6. Suppose -u = -a*b + 9, -3*u + 6 = -4*b - 0. Determine n(u).
7
Let y(l) = l**2 - 13*l - 3. Let q be y(13). Let u(k) be the third derivative of 1/3*k**3 + 3*k**2 + 13 - 1/30*k**5 + 0*k - 1/8*k**4. Calculate u(q).
-7
Let k(y) = -14634 - 4*y + 14632 + y. Let o(f) = -f**2 + 5*f. Let v be o(4). Give k(v).
-14
Let z(j) = 14*j**3 + j - 1. Suppose 0 = -5*b + 5 - 35. Let w be (1 + 7 + b)/2. Determine z(w).
14
Let w(r) = -r**2 - 12*r - 8. Suppose -689 = -4*a + 3*g, 4*g + 377 = 2*a + 9*g. Suppose 4*i - a = 20*i. Give w(i).
3
Suppose -193*f + 8346 = 6995. Let v(j) be the first derivative of -45 - 1/3*j**3 + f*j - 5/2*j**2. What is v(-5)?
7
Let o(b) = -b**3 + 9*b**2 - 12*b - 13. Let d be o(7). Let p be 6/(-12)*-20 - d. Let n(k) = -k**3 + 10*k**2 - 14*k + 8. What is n(p)?
-37
Let y(c) be the third derivative of c**6/120 + c**5/15 - c**4/2 - c**3/2 + 5*c**2 - 24*c - 2. Determine y(-6).
-3
Let r(n) be the first derivative of n + n**2 + 1/3*n**3 - 142. Let x be (-4)/6 - (-8)/3. Calculate r(x).
9
Suppose -9*g + 13*g - 84 = -8*g. Let w(u) = -u**2 + u - 7. Give w(g).
-49
Let h(f) = f - 53 + 35*f**2 - 2*f + 3*f + 114 - 60. Let k be 2/(-3)*42/28. Determine h(k).
34
Let k(o) = -10*o - 241. Suppose -17*t - 71*t - 4807 = 121*t. Calculate k(t).
-11
Let h(l) = 4*l + 49. Let i(y) = 3*y + 48. Let n = -72 + 67. Let x(f) = n*h(f) + 6*i(f). Let q be x(23). Let b(c) = -c**2 - 3*c + 2. Determine b(q).
2
Suppose -3*z - 10 = -1. Let j(f) be the first derivative of -f**4/4 + 2*f**3/3 + 3*f**2/2 + 173. Determine j(z).
36
Suppose 121 = 7*f - 18*f. Let p = 10 + f. Let n(m) = -32*m**3 + m**2 + m. Give n(p).
32
Let s(q) = 2 - 8*q + 5*q + 7*q. Let j be s(1). Let u(h) be the third derivative of h**6/120 - 7*h**5/60 + 7*h**4/24 - h**3/3 + 122*h**2. What is u(j)?
4
Let h(x) = -2*x**3 + 8*x**2 + x + 6. Let p be h(4). Let c(k) = 5*k - 4*k - 6 - p. Determine c(5).
-11
Let u(i) be the third derivative of -i**5/60 + 4*i**4/3 - 40*i**3/3 + 511*i**2 + 6*i. Determine u(29).
7
Let x(l) = -l**3 - 7*l**2 - l - 6. Let a be 4679/31 - (-52)/806. Suppose -21*g - a + 4 = 0. What is x(g)?
1
Let j(r) = 25241 - 50525 + 7*r + 25243. What is j(6)?
1
Let n(h) be the first derivative of -5*h**3/3 - 57*h**2/2 - 15*h - 3453. Give n(-11).
7
Let c(s) = -37*s**2 + 98*s + 120. Let w(x) = -42*x**2 + 97*x + 117. Let k(u) = 9*c(u) - 8*w(u). Calculate k(-34).
8
Let o(v) = 6*v - 76*v**2 + 205*v**2 + 4 - 113*v**2. Give o(-2).
56
Let f = -20233 + 20247. Let q(r) be the third derivative of -r**5/60 + 7*r**4/12 - r**3/3 - 2*r**2. Calculate q(f).
-2
Suppose -18*i + 14 + 22 = 0. Let y(j) = 2 + 10*j + 8 - 5 + 2*j**i. What is y(-4)?
-3
Suppose 0 = -4*f - 16, 2*x - 2*f = -5*f + 92. Let d = x + -49. Let q(t) = -t + 8. Let u(c) = -c + 7. Let h(i) = -6*q(i) + 7*u(i). Determine h(d).
-2
Let b(a) = -a**3 - 10*a**2 - 2*a - 14. Suppose h + 5*s = 31, 14*s = h + 17*s - 21. Suppose r + h = -4. Give b(r).
6
Let s(q) = -q**2 + 3. Suppose -38*h = -36*h - 4. Let u = -24 - -43. Suppose -2*c - 8 = -4*b + 8, 5*b - h*c = u. Calculate s(b).
-6
Suppose 4664*n - 4651*n + 65 = 0. Let d(l) = 5*l**2 + 5*l + 5. What is d(n)?
105
Let f(n) be the second derivative of 3*n**3/2 + 9*n**2/2 + 1452*n + 2. Calculate f(6).
63
Let n(f) = 270*f + 278*f - 563*f + 8 + 9 + f**2. Calculate n(15).
17
Suppose 5*v + 4*x = -14, v = -3*v + 2*x - 6. Let q(z) = 10*z**2 + 3*z + 2. Let t(c) be the first derivative of -c**3/3 - 3. Let b(y) = q(y) + 6*t(y). Give b(v).
12
Let r(m) be the first derivative of 2*m**2 + 9*m + 23. Let l be 78/(-117) + (-10)/3 + 1. What is r(l)?
-3
Let k = -9 + 3. Let c be (2 + 1)/k*(-4)/1. Let o(d) = 3*d + 14*d**c - 13*d**2 - 10*d + 1. Give o(7).
1
Let y(c) be the first derivative of -c**2/2 - 6*c - 140486. Let p be 28/6*3/2. Calculate y(p).
-13
Suppose -2*b - 4*f = -14, -3*b + 1 = -5*b + f. Suppose -2*n - b = -5. Let i(v) = 8*v**3 + 4 - 9*v**3 + 2*v - 2*v**n - 2. Calculate i(-2).
-2
Let j(o) = 5*o**2 - 2*o - 7. Let s(g) = -4*g**2 + g + 5. Let d(v) = -2*j(v) - 3*s(v). Calculate d(-2).
5
Suppose t = d - 1 - 8, -67 = 3*t + 5*d. Let h = t + 25. Let v(z) = 0*z - 2 - h - 3*z + 5. Calculate v(-6).
10
Suppose -3*b + 7*b + 3*v = 192, 0 = 5*b + 5*v - 240. Suppose -4*k = -4*y + 40, -5*k + 9*y = 6*y + b. Let h(s) = s**3 + 10*s**2 + 8*s - 9. Give h(k).
0
Suppose 2*p - 51 - 246 = -5*f, f - 45 = -4*p. Let i(k) = -k**2 - f - 65 + 5*k + 121. What is i(6)?
-11
Let c(l) = -4*l**3 - 10*l**2 - 26*l - 37. Let g(y) = 5*y**3 + 10*y**2 + 27*y + 44. Let w(x) = -4*c(x) - 3*g(x). Give w(-7).
2
Suppose 7*l - 2*d = 12*l - 81, 3*d = l - 23. Let w(z) = -z**3 + 17*z**2 - z + 38. Give w(l).
21
Let y be ((-42)/5)/((-7)/(-70)). Let t = -43 + -35. Let i = t - y. Let g(u) = -u**3 + 6*u**2 - 2*u + 9. What is g(i)?
-3
Suppose -2*h - 8 = i, 4*h + 3*i + 20 = -i. Let y(v) = -v**2 - v + 7. Calculate y(h).
1
Suppose -503 = 121*j - 2197. Let r(z) = z**3 - 14*z**2 - z - 22. What is r(j)?
-36
Let v(n) = -n**2 + 4*n + 1. Let s = 101 + -103. Let f be s/(52/20 + -3). Give v(f).
-4
Let f(i) = -21*i - 197. Let l = 6599 + -6608. Give f(l).
-8
Let h(j) = 2*j + 13. Suppose -24*b + 29*b = -y - 19, -3*y + 3*b = 21. Calculate h(y).
-5
Let y(l) = -13*l**3 - 2*l**2 + 6*l + 4. Let g(w) = 17*w**3 + 2*w**2 - 5*w - 3. Let s(t) = 3*g(t) + 4*y(t). Give s(-4).
3
Let y(q) = 8*q**2 + 2*q + 2667*q**3 - 2*q - 9 - 2668*q**3 - 6*q + q. Determine y(8).
-49
Let z(f) = -f**2 - 7*f + 107. Suppose -4*q = 5*r + 26, -97*r = -4*q - 92*r - 86. Calculate z(q).
9
Let n(t) = -t**2 + 2*t. Let h be n(0). Let r(u) = u**3 - 12*u - 12. Let q be r(-3). Let x be (h + q)/((-6)/4). Let l(s) = 3*s - 3. What is l(x)?
3
Let g(f) = -f - 1. Let s(y) be the third derivative of y**5/60 - y**4/6 - y**3 + 6*y**2 + 2*y. Let v be s(6). What is g(v)?
-7
Suppose 4*s - 18 = s. Let i(t) = -4*t + 2. Let w = 80 - 86. Let d(j) = -5*j + 2. Let u(b) = w*i(b) + 5*d(b). What is u(s)?
-8
Let c(m) = 52*m**2 + 14*m - 12. Let j be c(1). Suppose 27*t - j*t = 0. Let s(i) = -2*i - 1. What is s(t)?
-1
Let v = 203 + -121. Let z(a) = -v + 0*a + 93 + 4*a - 3*a. Calculate z(-6).
5
Let z(k) be the second derivative of -1/2*k**4 - 1/20*k**5 + 0 + 77*k - 7/2*k**2 - 7/6*k**3. Let n be -6 - (2 - 1)*-1. Calculate z(n).
3
Let d(g) be the third derivative of -g**4/12 + 5*g**3/6 - 20*g**2. Let v be (-69)/(-12) - 26/(-104). Give d(v).
-7
Let y = 287 - 284. Let j(w) = -8*w**3 + 8 - 4*w**3 - 14*w**2 - w**y + 9*w**2 + 16*w + 12*w**3. What is j(-7)?
-6
Let r(q) = -q**3 + 5*q**2 + 7*q - 7. Let o be (6/(-2))/((-3)/2). Let z = 3356 + -3338. Suppose o*v - z + 6 = 0. Calculate r(v).
-1
Let z(o) = 2*o**3 - 178*o**2 + 13*o - 1152. Let s be z(89). Let t(w) be the first derivative of -w**3/3 + 7*w**2/2 - 5*w + 1. Give t(s).
5
Suppose 0 = 8*v - 2*v + 6. Suppose 7*f + 10 = 12*f. Let y(m) = 3 - 2*m**3 - m - 4*m**f + m**3 - 4 + 3*m**2. Determine y(v).
0
Suppose -n = -x - 11, -2*x - 5 = 4*n - 1. Let k be 2 + 0/(x/(-2 - -6)). Let i(b) = -9 - 13*b**3 + 0*b**k + 9*b + 10*b**3 - 7*b**2 + 4*b**3. Determine i(6).
9
Let q be (-12)/12 - 0/2. Let f(b) = -b**2 - 2*b - 4. Let p(t) = -